{"id":23,"date":"2025-12-07T15:09:22","date_gmt":"2025-12-07T18:09:22","guid":{"rendered":"https:\/\/buraglia.com.ar\/?page_id=23"},"modified":"2025-12-29T09:38:36","modified_gmt":"2025-12-29T12:38:36","slug":"23-2","status":"publish","type":"page","link":"https:\/\/buraglia.com.ar\/","title":{"rendered":""},"content":{"rendered":"\t\t<div data-elementor-type=\"wp-page\" data-elementor-id=\"23\" class=\"elementor elementor-23\">\n\t\t\t\t\t\t<section class=\"elementor-section elementor-top-section elementor-element elementor-element-17ab408 elementor-section-boxed elementor-section-height-default elementor-section-height-default\" data-id=\"17ab408\" data-element_type=\"section\" data-e-type=\"section\">\n\t\t\t\t\t\t<div class=\"elementor-container elementor-column-gap-default\">\n\t\t\t\t\t<div class=\"elementor-column elementor-col-100 elementor-top-column elementor-element elementor-element-79c3135\" data-id=\"79c3135\" data-element_type=\"column\" data-e-type=\"column\">\n\t\t\t<div class=\"elementor-widget-wrap elementor-element-populated\">\n\t\t\t\t\t\t<div class=\"elementor-element elementor-element-205b85e elementor-widget elementor-widget-tl-site-logo\" data-id=\"205b85e\" data-element_type=\"widget\" data-e-type=\"widget\" data-widget_type=\"tl-site-logo.default\">\n\t\t\t\t<div class=\"elementor-widget-container\">\n\t\t\t\t\t<a href=\"https:\/\/buraglia.com.ar\"><img loading=\"lazy\" decoding=\"async\" width=\"150\" height=\"150\" src=\"https:\/\/buraglia.com.ar\/wp-content\/uploads\/2025\/12\/496212365_1247766577351572_9012869731439326561_n-150x150.jpg\" title=\"496212365_1247766577351572_9012869731439326561_n\" alt=\"\" class=\"attachment-thumbnail size-thumbnail wp-image-16\" loading=\"lazy\" srcset=\"https:\/\/buraglia.com.ar\/wp-content\/uploads\/2025\/12\/496212365_1247766577351572_9012869731439326561_n-150x150.jpg 150w, https:\/\/buraglia.com.ar\/wp-content\/uploads\/2025\/12\/496212365_1247766577351572_9012869731439326561_n-300x300.jpg 300w, https:\/\/buraglia.com.ar\/wp-content\/uploads\/2025\/12\/496212365_1247766577351572_9012869731439326561_n-1024x1024.jpg 1024w, https:\/\/buraglia.com.ar\/wp-content\/uploads\/2025\/12\/496212365_1247766577351572_9012869731439326561_n-768x768.jpg 768w, https:\/\/buraglia.com.ar\/wp-content\/uploads\/2025\/12\/496212365_1247766577351572_9012869731439326561_n-80x80.jpg 80w, https:\/\/buraglia.com.ar\/wp-content\/uploads\/2025\/12\/496212365_1247766577351572_9012869731439326561_n.jpg 1182w\" sizes=\"auto, (max-width: 150px) 100vw, 150px\" \/><\/a>\t\t\t\t<\/div>\n\t\t\t\t<\/div>\n\t\t\t\t<div class=\"elementor-element elementor-element-2861bed elementor-widget elementor-widget-text-editor\" data-id=\"2861bed\" data-element_type=\"widget\" data-e-type=\"widget\" data-widget_type=\"text-editor.default\">\n\t\t\t\t\t\t\t\t\t<p style=\"text-align: center;\"><strong><em>Bienvenidos. Nos alegra recibirlos en un espacio donde la calidad y la calidez en la atenci\u00f3n al p\u00fablico son nuestra prioridad; aqu\u00ed encontrar\u00e1 un trato cercano, respetuoso y siempre dispuesto a ayudar. <\/em><\/strong><strong><em>Ofrecemos productos de alta calidad y gran diversidad, pensados para distintas necesidades y gustos, con precios inigualables que buscan brindar valor real en cada compra.<\/em><\/strong><\/p>\t\t\t\t\t\t\t\t<\/div>\n\t\t\t\t\t<\/div>\n\t\t<\/div>\n\t\t\t\t\t<\/div>\n\t\t<\/section>\n\t\t\t\t<section class=\"elementor-section elementor-top-section elementor-element elementor-element-75cd41d elementor-section-boxed elementor-section-height-default elementor-section-height-default\" data-id=\"75cd41d\" data-element_type=\"section\" data-e-type=\"section\">\n\t\t\t\t\t\t<div class=\"elementor-container elementor-column-gap-default\">\n\t\t\t\t\t<div class=\"elementor-column elementor-col-100 elementor-top-column elementor-element elementor-element-97cef13\" data-id=\"97cef13\" data-element_type=\"column\" data-e-type=\"column\">\n\t\t\t<div class=\"elementor-widget-wrap\">\n\t\t\t\t\t\t\t<\/div>\n\t\t<\/div>\n\t\t\t\t\t<\/div>\n\t\t<\/section>\n\t\t\t\t<section class=\"elementor-section elementor-top-section elementor-element elementor-element-d1585da elementor-section-boxed elementor-section-height-default elementor-section-height-default\" data-id=\"d1585da\" data-element_type=\"section\" data-e-type=\"section\">\n\t\t\t\t\t\t<div class=\"elementor-container elementor-column-gap-default\">\n\t\t\t\t\t<div class=\"elementor-column elementor-col-100 elementor-top-column elementor-element elementor-element-80d73b8\" data-id=\"80d73b8\" data-element_type=\"column\" data-e-type=\"column\">\n\t\t\t<div class=\"elementor-widget-wrap\">\n\t\t\t\t\t\t\t<\/div>\n\t\t<\/div>\n\t\t\t\t\t<\/div>\n\t\t<\/section>\n\t\t\t\t<\/div>\n\t\t","protected":false},"excerpt":{"rendered":"<p>Bienvenidos. Nos alegra recibirlos en un espacio donde la calidad y la calidez en la atenci\u00f3n al p\u00fablico son nuestra [&hellip;]<\/p>\n","protected":false},"author":2,"featured_media":0,"parent":0,"menu_order":1,"comment_status":"closed","ping_status":"closed","template":"elementor_header_footer","meta":{"site-sidebar-layout":"default","site-content-layout":"","ast-site-content-layout":"default","site-content-style":"default","site-sidebar-style":"default","ast-global-header-display":"","ast-banner-title-visibility":"","ast-main-header-display":"","ast-hfb-above-header-display":"","ast-hfb-below-header-display":"","ast-hfb-mobile-header-display":"","site-post-title":"","ast-breadcrumbs-content":"","ast-featured-img":"","footer-sml-layout":"","ast-disable-related-posts":"","theme-transparent-header-meta":"","adv-header-id-meta":"","stick-header-meta":"","header-above-stick-meta":"","header-main-stick-meta":"","header-below-stick-meta":"","astra-migrate-meta-layouts":"default","ast-page-background-enabled":"default","ast-page-background-meta":{"desktop":{"background-color":"var(--ast-global-color-5)","background-image":"","background-repeat":"repeat","background-position":"center center","background-size":"auto","background-attachment":"scroll","background-type":"","background-media":"","overlay-type":"","overlay-color":"","overlay-opacity":"","overlay-gradient":""},"tablet":{"background-color":"","background-image":"","background-repeat":"repeat","background-position":"center center","background-size":"auto","background-attachment":"scroll","background-type":"","background-media":"","overlay-type":"","overlay-color":"","overlay-opacity":"","overlay-gradient":""},"mobile":{"background-color":"","background-image":"","background-repeat":"repeat","background-position":"center center","background-size":"auto","background-attachment":"scroll","background-type":"","background-media":"","overlay-type":"","overlay-color":"","overlay-opacity":"","overlay-gradient":""}},"ast-content-background-meta":{"desktop":{"background-color":"var(--ast-global-color-4)","background-image":"","background-repeat":"repeat","background-position":"center center","background-size":"auto","background-attachment":"scroll","background-type":"","background-media":"","overlay-type":"","overlay-color":"","overlay-opacity":"","overlay-gradient":""},"tablet":{"background-color":"var(--ast-global-color-4)","background-image":"","background-repeat":"repeat","background-position":"center center","background-size":"auto","background-attachment":"scroll","background-type":"","background-media":"","overlay-type":"","overlay-color":"","overlay-opacity":"","overlay-gradient":""},"mobile":{"background-color":"var(--ast-global-color-4)","background-image":"","background-repeat":"repeat","background-position":"center center","background-size":"auto","background-attachment":"scroll","background-type":"","background-media":"","overlay-type":"","overlay-color":"","overlay-opacity":"","overlay-gradient":""}},"footnotes":""},"class_list":["post-23","page","type-page","status-publish","hentry"],"_links":{"self":[{"href":"https:\/\/buraglia.com.ar\/index.php?rest_route=\/wp\/v2\/pages\/23","targetHints":{"allow":["GET"]}}],"collection":[{"href":"https:\/\/buraglia.com.ar\/index.php?rest_route=\/wp\/v2\/pages"}],"about":[{"href":"https:\/\/buraglia.com.ar\/index.php?rest_route=\/wp\/v2\/types\/page"}],"author":[{"embeddable":true,"href":"https:\/\/buraglia.com.ar\/index.php?rest_route=\/wp\/v2\/users\/2"}],"replies":[{"embeddable":true,"href":"https:\/\/buraglia.com.ar\/index.php?rest_route=%2Fwp%2Fv2%2Fcomments&post=23"}],"version-history":[{"count":33,"href":"https:\/\/buraglia.com.ar\/index.php?rest_route=\/wp\/v2\/pages\/23\/revisions"}],"predecessor-version":[{"id":137,"href":"https:\/\/buraglia.com.ar\/index.php?rest_route=\/wp\/v2\/pages\/23\/revisions\/137"}],"wp:attachment":[{"href":"https:\/\/buraglia.com.ar\/index.php?rest_route=%2Fwp%2Fv2%2Fmedia&parent=23"}],"curies":[{"name":"wp","href":"https:\/\/api.w.org\/{rel}","templated":true}]}}